32?
3
What is the tens digit of 19660?
6
What is the units digit of 2613?
3
What is the hundreds digit of 97156?
1
What is the hundreds digit of 45784?
7
What is the hundreds digit of 174176?
1
What is the hundreds digit of 3307?
3
What is the thousands digit of 33370?
3
What is the ten thousands digit of 71019?
7
What is the ten thousands digit of 23008?
2
What is the tens digit of 8460?
6
What is the thousands digit of 1510?
1
What is the thousands digit of 3902?
3
What is the hundreds digit of 341?
3
What is the tens digit of 37?
3
What is the tens digit of 47?
4
What is the hundreds digit of 10055?
0
What is the thousands digit of 2317?
2
What is the units digit of 2415?
5
What is the ten thousands digit of 27313?
2
What is the tens digit of 5115?
1
What is the thousands digit of 4671?
4
What is the units digit of 18970?
0
What is the hundreds digit of 239?
2
What is the tens digit of 57502?
0
What is the thousands digit of 4717?
4
What is the tens digit of 712?
1
What is the thousands digit of 12070?
2
What is the tens digit of 13207?
0
What is the tens digit of 906?
0
What is the units digit of 92419?
9
What is the thousands digit of 8359?
8
What is the hundreds digit of 3571?
5
What is the ten thousands digit of 14478?
1
What is the thousands digit of 1313?
1
What is the ten thousands digit of 89558?
8
What is the hundreds digit of 1551?
5
What is the tens digit of 445?
4
What is the hundreds digit of 1029?
0
What is the hundreds digit of 4740?
7
What is the ten thousands digit of 99414?
9
What is the tens digit of 2666?
6
What is the hundreds digit of 57163?
1
What is the tens digit of 34516?
1
What is the tens digit of 792?
9
What is the units digit of 2975?
5
What is the tens digit of 159663?
6
What is the thousands digit of 42699?
2
What is the tens digit of 4902?
0
What is the thousands digit of 1875?
1
What is the tens digit of 1808?
0
What is the units digit of 23?
3
What is the hundreds digit of 6203?
2
What is the thousands digit of 2340?
2
What is the hundreds digit of 15779?
7
What is the hundreds digit of 855?
8
What is the thousands digit of 2442?
2
What is the tens digit of 19184?
8
What is the units digit of 11553?
3
What is the tens digit of 1075?
7
What is the hundreds digit of 65157?
1
What is the thousands digit of 48530?
8
What is the units digit of 764?
4
What is the ten thousands digit of 19740?
1
What is the hundreds digit of 58867?
8
What is the thousands digit of 1853?
1
What is the units digit of 142709?
9
What is the hundreds digit of 481?
4
What is the hundreds digit of 4528?
5
What is the ten thousands digit of 123644?
2
What is the tens digit of 1837?
3
What is the hundreds digit of 133?
1
What is the hundreds digit of 51220?
2
What is the tens digit of 7408?
0
What is the ten thousands digit of 53497?
5
What is the thousands digit of 78671?
8
What is the hundreds digit of 501?
5
What is the hundreds digit of 64420?
4
What is the units digit of 9598?
8
What is the hundreds digit of 536?
5
What is the units digit of 131?
1
What is the units digit of 26090?
0
What is the thousands digit of 4731?
4
What is the thousands digit of 3245?
3
What is the tens digit of 1187?
8
What is the units digit of 6351?
1
What is the hundreds digit of 8369?
3
What is the tens digit of 21542?
4
What is the thousands digit of 2425?
2
What is the units digit of 10959?
9
What is the tens digit of 25682?
8
What is the tens digit of 2590?
9
What is the units digit of 18506?
6
What is the tens digit of 1628?
2
What is the thousands digit of 12905?
2
What is the units digit of 11067?
7
What is the tens digit of 16973?
7
What is the units digit of 568?
8
What is the units digit of 2118?
8
What is the units digit of 57?
7
What is the tens digit of 2473?
7
What is the hundreds digit of 227?
2
What is the tens digit of 894?
9
What is the thousands digit of 1359?
1
What is the tens digit of 733?
3
What is the tens digit of 2621?
2
What is the units digit of 34941?
1
What is the units digit of 36590?
0
What is the ten thousands digit of 23391?
2
What is the units digit of 410?
0
What is the units digit of 39941?
1
What is the ten thousands digit of 16857?
1
What is the tens digit of 6869?
6
What is the hundreds digit of 4233?
2
What is the tens digit of 28575?
7
What is the thousands digit of 33501?
3
What is the hundreds digit of 16783?
7
What is the hundreds digit of 440?
4
What is the thousands digit of 4196?
4
What is the units digit of 35583?
3
What is the hundreds digit of 40475?
4
What is the tens digit of 673?
7
What is the thousands digit of 1590?
1
What is the tens digit of 37326?
2
What is the thousands digit of 1521?
1
What is the thousands digit of 5664?
5
What is the thousands digit of 3935?
3
What is the hundreds digit of 1305?
3
What is the hundreds digit of 1272?
2
What is the tens digit of 331?
3
What is the units digit of 3461?
1
What is the hundreds digit of 483?
4
What is the thousands digit of 18216?
8
What is the thousands digit of 2671?
2
What is the hundreds digit of 9979?
9
What is the hundreds digit of 1027?
0
What is the hundreds digit of 10477?
4
What is the tens digit of 4660?
6
What is the hundreds digit of 5683?
6
What is the tens digit of 32581?
8
What is the hundreds digit of 4718?
7
What is the thousands digit of 3876?
3
What is the units digit of 1634?
4
What is the hundreds digit of 3922?
9
What is the thousands digit of 1218?
1
What is the tens digit of 213?
1
What is the thousands digit of 1065?
1
What is the tens digit of 59283?
8
What is the hundreds digit of 2312?
3
What is the ten thousands digit of 10357?
1
What is the hundreds digit of 26075?
0
What is the tens digit of 3572?
7
What is the hundreds digit of 44666?
6
What is the tens digit of 10972?
7
What is the ten thousands digit of 94951?
9
What is the units digit of 14431?
1
What is the units digit of 19961?
1
What is the hundreds digit of 17296?
2
What is the units digit of 60763?
3
What is the tens digit of 9503?
0
What is the tens digit of 1102?
0
What is the tens digit of 1275?
7
What is the tens digit of 4033?
3
What is the hundreds digit of 12114?
1
What is the thousands digit of 1519?
1
What is the units digit of 282?
2
What is the thousands digit of 7276?
7
What is the thousands digit of 4154?
4
What is the tens digit of 148509?
0
What is the units digit of 179?
9
What is the units digit of 339?
9
What is the units digit of 690?
0
What is the tens digit of 63976?
7
What is the tens digit of 108626?
2
What is the hundreds digit of 235?
2
What is the units digit of 50996?
6
What is the hundreds digit of 4120?
1
What is the hundreds digit of 7920?
9
What is the hundreds digit of 13400?
4
What is the ten thousands digit of 15286?
1
What is the units digit of 13731?
1
What is the tens digit of 647?
4
What is the hundreds digit of 32120?
1
What is the ten thousands digit of 69486?
6
What is the tens digit of 14?
1
What is the hundreds digit of 103?
1
What is the thousands digit of 6789?
6
What is the tens digit of 9584?
8
What is the thousands digit of 1220?
1
What is the thousands digit of 10806?
0
What is the hundreds digit of 2699?
6
What is the thousands digit of 19240?
9
What is the tens digit of 5641?
4
What is the hundreds digit of 425?
4
What is the units digit of 80693?
3
What is the tens digit of 24040?
4
What is the thousands digit of 7579?
7
What is the hundreds digit of 120778?
7
What is the ten thousands digit of 33871?
3
What is the hundreds digit of 4608?
6
What is the units digit of 5811?
1
What is the thousands digit of 35707?
5
What is the units digit of 1069?
9
What is the tens digit of 1442?
4
What is the units digit of 4?
4
What is the hundreds digit of 5439?
4
What is the hundreds digit of 1113?
1
What is the thousands digit of 4696?
4
What is the thousands digit of 18884?
8
What is the units digit of 2874?
4
What is the ten thousands digit of 22007?
2
What is the units digit of 1187?
7
What is the units digit of 51967?
7
What is the hundreds digit of 198?
1
What is the thousands digit of 1751?
1
What is the hundreds digit of 2958?
9
What is the units digit of 62?
2
What is the units digit of 60020?
0
What is the hundreds digit of 97603?
6
What is the hundreds digit of 2651?
6
What is the units digit of 376?
6
Wha